rime factors of u.
2, 5
Suppose 0 = -10*b + 7*b + 15. List the prime factors of b.
5
Suppose 6*a = 2*a - 16, -4*a - 22 = r. Let h be (-1 - 0)/(1/r). Suppose -v - 2*v = -h. What are the prime factors of v?
2
Let v(z) = z**3 + 6*z**2 - 5*z - 9. What are the prime factors of v(4)?
131
Let h(x) = x**2 + 9*x - 11. List the prime factors of h(-13).
41
Let h = 34 - 5. What are the prime factors of h?
29
Suppose 0 = -4*r + 165 - 17. Suppose -4*t = -20, s - r = 4*t + 1. What are the prime factors of s?
2, 29
Let v = 6 + -3. Suppose 5 = m + v. Suppose 3*i - 13 = m. List the prime factors of i.
5
Suppose 3*t - 2*g = 47, 6*g - 3*g = 2*t - 23. List the prime factors of t.
19
Suppose -21 = -4*p - w, -2*p + 4*w - 6 = -5*p. Suppose -v = -14 + p. What are the prime factors of v?
2
Suppose 5*m = -3*j - 179, -4*j + 46 - 1 = -m. Let r = 68 + m. Let l = -21 + r. List the prime factors of l.
2, 5
Let g(v) = v**3 + 8*v**2 + 8. Let h be g(-8). Let n be (10/8)/(2/h). Suppose -4*x = -n*o - 31, -4*o + 25 = o. What are the prime factors of x?
2, 7
Let b(m) = -3. Let h(o) = -o + 4. Let x(t) = -5*b(t) - 4*h(t). List the prime factors of x(2).
7
What are the prime factors of -4 + -3 + (-2 - -41)?
2
Let l = 23 - 32. Let q = 28 + l. Let j = q + -9. List the prime factors of j.
2, 5
Let j(f) = -f**3 - 3*f**2 + 4*f + 3. Let y be j(-3). Let i(h) = h**3 + 8*h**2 - 10*h - 4. Let u be i(y). Let b = 13 - u. List the prime factors of b.
2
Let j(b) = -150*b**3 + 2*b**2 + b. What are the prime factors of j(-1)?
151
Suppose -5*r - 4*t + 926 = 0, -3*r = 13*t - 8*t - 553. What are the prime factors of r?
2, 3, 31
Suppose 124 = 5*a - 311. List the prime factors of a.
3, 29
Let a(b) = 3*b - 3. Let g be a(8). Suppose 4*u = z + 156, -g = 5*z - 1. List the prime factors of u.
2, 19
Let q = -1 + -11. Let t = 0 - q. Suppose 2*z = -4*j + t, -5*j - 5*z + 0*z + 10 = 0. What are the prime factors of j?
2
List the prime factors of 2 - 3 - 351/(-13).
2, 13
Let b = 6 + -4. Suppose b*t + t = 156. Suppose -1 = -l, -u + t = 4*u - 3*l. List the prime factors of u.
11
Let d be (-10)/45 - (-86)/(-18). List the prime factors of (3 + -14)*d/1.
5, 11
Let n(s) = s. Suppose -4*j + j - 10 = -4*h, -3*h + 11 = -4*j. Let l be n(j). What are the prime factors of l/(-4) + 10/4?
3
Let z = 27 - -5. What are the prime factors of z?
2
Let u(c) = -4*c + 10. List the prime factors of u(-7).
2, 19
Suppose 7*r + 10 = 2*r, 5*c - 15 = -5*r. Suppose 126 + 29 = c*u. What are the prime factors of u?
31
Let c = 2 + 84. List the prime factors of c.
2, 43
Let p(v) = -26*v + 37. List the prime factors of p(-10).
3, 11
Let h(x) = -2*x - 6. Let t be h(-7). Suppose -2*n + t = -0*n. List the prime factors of n.
2
Let k be (3/(-6) + 1)*2. Suppose -b = -4 + k. Suppose b*l - 7 = g, 0*l + l + 4*g - 24 = 0. What are the prime factors of l?
2
Let x = -65 + 27. Let a = x + 73. What are the prime factors of a?
5, 7
Let t = 55 - 19. List the prime factors of t.
2, 3
Let t(q) = q**2 + 9*q - 19. What are the prime factors of t(-19)?
3, 19
Let y(k) = -3*k - 6. Let u(m) = -3*m - 7. Let d(s) = 5*u(s) - 6*y(s). What are the prime factors of d(3)?
2, 5
Suppose 486 = 4*n - 2*n + 2*t, 4*n - 3*t = 944. Suppose -5*j - 41 = -r, 4*r + 4*j = -j + n. Suppose -5*o = -r + 6. List the prime factors of o.
2, 5
Suppose 0 = -0*o + 4*o - 24. List the prime factors of o.
2, 3
Suppose 5*x + 3*y + 14 = 0, 0*y + 13 = -4*x - 3*y. List the prime factors of (-10)/(x - (2 - 2)).
2, 5
Let q(k) = k + 7. Let u(m) = -3*m - 20. Let y(v) = 11*q(v) + 4*u(v). Suppose -5 + 21 = -4*s - 3*i, 3*s = -4*i - 5. What are the prime factors of y(s)?
2
Let z(j) = j**2 - 14*j + 9. What are the prime factors of z(15)?
2, 3
Let p(t) = t + 1. Let l be p(8). List the prime factors of (12/(-10))/(l/(-90)).
2, 3
Let u be (-21)/2*2/1. Let q = -7 + -3. Let j = q - u. List the prime factors of j.
11
Let i be (-1)/(-2) - 18/(-12). Let d = -4 + i. What are the prime factors of -4*(0 + (-3 - d))?
2
Let k(s) = 2*s**3 - 12*s**2 + 12*s. What are the prime factors of k(7)?
2, 7, 13
Let z = 11 - 7. Suppose 0 = -z*g - 3*c - 0*c + 74, 5*g - 77 = 4*c. List the prime factors of g.
17
Let q(v) = 47*v**2 + 2*v. What are the prime factors of q(-1)?
3, 5
List the prime factors of (-3)/(3*4/(-60)).
3, 5
List the prime factors of 12/(5/((-10)/(-3))).
2
Suppose 2*c + 3*c = -85. Let j = c - -10. Let m = j + 13. What are the prime factors of m?
2, 3
Let r(x) = -x**2 - 4*x. Let m be r(-3). Suppose -m*k + 4 = 4*a - 3, 10 = a - 2*k. Suppose -a*f = z + 2*z - 40, 0 = -3*f + 3. List the prime factors of z.
2, 3
Let o(c) = -4*c**3 - 4*c**2 + 5*c - 6. List the prime factors of o(-5).
3, 41
Let c(b) = b**3 - 11*b**2 + b + 24. List the prime factors of c(12).
2, 3, 5
List the prime factors of (216/(-21))/(24/(-112)).
2, 3
Let o = -297 - -420. What are the prime factors of o?
3, 41
Let b = 173 + 181. Let c be b/(-14) + (-10)/(-35). List the prime factors of (-17)/(-5) - (-10)/c.
3
Let x(a) = -2*a**2 + 5*a + 3. Let h be x(4). Let q = -15 - h. Let d(u) = u**2 + 5*u + 5. What are the prime factors of d(q)?
11
Suppose 2*t = t + 16. What are the prime factors of t?
2
Suppose 2*o = 29 + 41. Suppose 0 = 2*f + 5*w, 5*f - 3*w = 2*w + o. Suppose -2*d + 5*m = -28, -3 = -3*d - f*m - 11. What are the prime factors of d?
2
Let f = 168 - 333. What are the prime factors of f/3*(-4)/10?
2, 11
Suppose 17 - 13 = r. What are the prime factors of 7/(7/r) + 50?
2, 3
Suppose -5 - 3 = -4*s, 4*s - 128 = -3*t. List the prime factors of t.
2, 5
Suppose 0 = 3*w - 2*y - 12, 2*w - 3*w = -5*y - 17. List the prime factors of w.
2
Let x = 9 - 9. Suppose 0 = -x*p - p + 17. What are the prime factors of p?
17
Let o be (-6)/15 + 24/10. Suppose v - 7 = -4*d, -2*v = -4*d + 7 + 3. Suppose -72 = -o*q - d*q. What are the prime factors of q?
2, 3
Suppose -71 + 29 = 3*t. What are the prime factors of t/(-6) + 2/3?
3
Suppose 0 = -5*t - 3*n - 377 + 1300, -4*t - 4*n + 740 = 0. List the prime factors of t.
2, 23
Suppose 1725 = 9*b + 393. What are the prime factors of b?
2, 37
Suppose 3*k = -k + 20. List the prime factors of k.
5
What are the prime factors of 4/6 + (-164)/(-6)?
2, 7
Suppose 0*a = -4*a - 108. List the prime factors of (-110)/(-9) - (-6)/a.
2, 3
Suppose r + 80 = 6*r. Suppose 4*p - 4 = r. Let w(v) = v**3 - 5*v**2 + 2*v + 5. List the prime factors of w(p).
3, 5
Let i(y) = -y - 8. Let f be i(-9). Let z be (2 - (14 - 1))/f. Let w = z + 16. List the prime factors of w.
5
Let n(l) = -l**2 - l - 6. Let p be n(0). Let z(w) = -w**3 - 6*w**2 - 2*w - 8. List the prime factors of z(p).
2
Suppose 2*g = -g + 15. Let r = 29 - g. What are the prime factors of r?
2, 3
Suppose -5*s = 3*b - 18, 2*s - 1 = -4*b - 5. List the prime factors of s.
2, 3
Let k(n) = 6*n**3 + n. Let s be k(1). List the prime factors of (-27 + 0)*(s + -8).
3
Suppose 2*k - 1 = -11. Let s(n) = -n - 11. Let w be s(k). What are the prime factors of w/(-4) + (-44)/(-8)?
7
What are the prime factors of (-4)/(-14) + 320/7?
2, 23
Let u(j) be the third derivative of j**5/60 + j**4/6 + 5*j**3/6 + 2*j**2. What are the prime factors of u(-6)?
17
Let d(o) = o**2 + 1. Let t be d(-1). Suppose 5*b = t*b + 27. What are the prime factors of b?
3
Let a(t) = 2*t**2 - 8*t + 13. What are the prime factors of a(6)?
37
Suppose 5*u + 1 + 9 = 0. List the prime factors of (-6)/(-2) + u + 1.
2
Suppose 0*i - 2*i - 5*a + 81 = 0, 0 = -5*a + 25. List the prime factors of i.
2, 7
Suppose -u = -2*u + 41. What are the prime factors of u?
41
Let c = -24 + 2. Let f(l) = -4*l + 10. Let w be f(5). Let a = w - c. What are the prime factors of a?
2, 3
Let w = 260 - 109. Suppose -5*m - 11 + w = 0. What are the prime factors of (m/(-8))/((-2)/4)?
7
Suppose q + 430 = 6*q. List the prime factors of q.
2, 43
Let s be 6/9*-13*-3. Let d = s + -7. List the prime factors of d.
19
Let g be ((-3)/(-2))/(3/(-8)). List the prime factors of (-120)/(-32) + (-1)/g.
2
Suppose 3*f + f = 24. Suppose u = f*u, 4*i - 5*u - 44 = 0. List the prime factors of i.
11
Let z = -28 - -49. Let x be (-33)/(-7) - (-6)/z. Let v = 8 - x. What are the prime factors of v?
3
Let d = -15 - -12. What are the prime factors of 17/2*4 + d?
31
Let w be (-5)/20 - 26/(-8). Suppose 0 = -4*n + w*o + 93, -4*n + 7*o - 3*o = -92. List the prime factors of n.
2, 3
Let p(d) = -3*d - 4. Let g be p(-2). 